et y be -3 - (-442)/11 - (-262)/(-1441). Let i(r) = r**3 - 36*r**2 - 42*r + 191. Calculate i(y).
6
Let c(p) be the third derivative of p**6/120 - p**5/10 - 11*p**4/24 + 5*p**3 + 4*p**2 - 503. Give c(7).
2
Let q(l) = 20*l**2 - 158*l + 34. Let s(u) = 82*u**2 - 629*u + 142. Let j(y) = 25*q(y) - 6*s(y). Calculate j(22).
-2
Let j(f) = -f**3 + 22*f**2 + f - 19. Let n be j(22). Let x be 3*1*2/n. Suppose -20 = x*c - 10. Let u(h) = 5*h + 7. Give u(c).
-18
Let h(w) be the first derivative of -w**6/120 - w**4/24 + w**3 + w**2 + 3*w - 54. Let s(y) be the second derivative of h(y). Calculate s(0).
6
Suppose -30*b - 63 = -23*b. Let u = 6 + -4. Let p(g) = 2*g**2 - g**u - 2 + 8*g + 2*g + 7. Calculate p(b).
-4
Let n be 16*2*(2 - 6/4). Suppose -5*b + 9*b = 4*i - n, 5*b = -4*i - 2. Let s(l) = -1 + l - 4*l**2 + 5*l + 7*l**i - l**3 - 5*l. Calculate s(3).
2
Let b = -1537 + 1538. Let p(l) = 61*l + 3. Give p(b).
64
Let t(i) = -13*i**2 - 19*i + 15. Let x(p) = 7*p**2 - 6 + 4 + 3 + 4*p - 4*p**2 - 5. Let v(j) = 2*t(j) + 9*x(j). Give v(0).
-6
Suppose -56 = -5*i + 4*h + 111, 40 = i - 3*h. Let m = i - 29. Suppose -4*r - 3*t + 4 = 0, 0*r - t - m = 3*r. Let k(o) = -o. What is k(r)?
2
Let f(o) = -o**3 - o**2 + 3*o + 1. Let i be f(-3). Let h(r) = -112*r**2 + 3*r + 11. Let b(k) = -37*k**2 - 2*k. Let v(d) = -3*b(d) + h(d). Determine v(i).
1
Let v(x) = 16*x**3 - 11*x**2 - 4*x + 7. Let w(y) = -7*y**3 + 5*y**2 + 2*y - 3. Let d(o) = -3*v(o) - 7*w(o). Let n = 5 - 7. Determine d(n).
-12
Let w = -189 - -127. Let g = 64 + w. Suppose d - 9 + g = 0. Let c(p) = -4*p + 4. What is c(d)?
-24
Let d(j) = j**2 + 65*j - 1. Let x(h) = 14*h + 1. Let a(p) = d(p) - 5*x(p). Calculate a(10).
44
Let y(i) = -i. Suppose f - 6*f + w - 22 = 0, 6 = -4*f - 5*w. Let d be y(f). Let r(b) = 1 - d - 22*b + 23*b + 0. Give r(5).
2
Let m(h) = h**2 - 7*h + 5. Suppose 5*v - 1 = 4*v + 4*b, 4*v - 79 = b. Suppose -4*p + 3 = -v. Determine m(p).
-1
Suppose -35*f + 156 = 4*f. Suppose -d + 20 = -5*d + f*t, 2*t = -3*d - 35. Let a(c) = -c**2 - 13*c - 5. Give a(d).
31
Let q(r) = 63*r - 4. Let m be 14 + 1575/(-125) - (-4)/(-10). Calculate q(m).
59
Suppose 23*q - 27047 = -14*q. Let j = q - 726. Let r(f) = -f**3 + 4*f**2 - 4*f. Determine r(j).
-45
Suppose 5882*i - 5868*i - 70 = 0. Let r(b) = 20*b**2 - 93*b - 37. Determine r(i).
-2
Let d(j) = 2*j**3 - 50*j**2 + 2*j - 24. Let i be 6507/261 - 56/(-812). Determine d(i).
26
Let t(z) = -4*z - 3. Let x be t(-2). Suppose -5*o = -3*a - 9, -3*o + x*o + 3*a = 12. Let v(i) = 5*i**o + 4 - 4*i**3 - 2*i**3 + 0 + 7*i**2 - i. Give v(7).
-3
Let j(v) = -2*v - 124. Let i(x) = -11*x - 674. Let o(d) = i(d) - 5*j(d). What is o(-7)?
-47
Let i(f) = -22*f**2 + 6*f + 4. Suppose 86*y = -54*y - 43*y - 183. What is i(y)?
-24
Let m(l) = -8*l - 4. Let o be 32/(-96) - 40/(-12). What is m(o)?
-28
Suppose 4*n - 4*u + 144 = -3*u, -72 = 2*n - 3*u. Let b be n/((-20)/5) - 6. Let t(s) = 2*s**2 + s - 4. Calculate t(b).
17
Let t(s) be the second derivative of 3/2*s**2 - 1/60*s**6 - 16*s + 0 + 0*s**3 + 1/30*s**5 - 1/12*s**4. Let q(b) be the first derivative of t(b). Calculate q(2).
-12
Let p(y) = 2*y - 4*y + y. Let n = 344 + -339. Let t(w) = 5*w - 26. Let u be t(n). Calculate p(u).
1
Suppose -3*j - k = -109, 2*k - 77 + 11 = -2*j. Let w(p) = -21*p + 796. Calculate w(j).
-2
Let n = -24068 + 24059. Let d(j) = -j + 1. Determine d(n).
10
Let y(i) = 96*i - 401. Let h(d) = 1. Let o(s) = -8*h(s) - y(s). Determine o(4).
9
Let n(d) be the first derivative of -5/6*d**3 + 1/60*d**5 - d**2 + 1/6*d**4 + 0*d - 15. Let f(c) be the second derivative of n(c). Give f(-5).
0
Suppose 16*y + 13*y - 11*y = 0. Let c(q) be the third derivative of -1/24*q**4 + 0*q - 5/6*q**3 + y + 12*q**2. What is c(-8)?
3
Let d = 15507 + -15505. Let a(p) be the first derivative of -2*p**d + 16 + 6*p - 1/3*p**3. Calculate a(-5).
1
Let d(p) = 47*p + 124. Let u be d(-3). Let t(l) = l**2 + 14*l - 18. What is t(u)?
33
Let c(s) = -11*s**3 + s**2 - 2*s - 2. Let k = 2074 + -2075. Give c(k).
12
Suppose 1348 = -177*r + 109. Let k(n) = -n - 6. Determine k(r).
1
Let r(t) = -t**2 - 14*t - 1. Let b = 127 + -141. Let a be r(b). Let j(s) = 7*s**2. Determine j(a).
7
Let b(d) = -3*d + 78. Let o(r) = -3*r**3 - 43*r**2 - 17*r - 16. Let c be o(-14). Calculate b(c).
0
Let s(p) = -p**2 + 7*p - 8. Let m(k) = 2*k**2 - 8*k + 9. Suppose 24 = -11*z - 9. Let v(u) = z*s(u) - 2*m(u). What is v(-5)?
6
Let a(i) be the first derivative of i**2 + 1/3*i**3 - 80 + 2*i. Let c = -8 + 3. Calculate a(c).
17
Let q(p) = 6 - 7*p - 4644*p**2 - 5*p**3 + 4641*p**2 + 4*p**3. Calculate q(-6).
156
Let x(j) = -5*j - 3. Suppose -77*m + 205*m - 1152 = 0. What is x(m)?
-48
Let b be (5 + -6)/(2/(-8)). Let f(t) = 2*t**3 + 0*t**3 - 2 - 3*t**3 + b*t**2. Suppose 72*a - 35*a = 22*a + 45. Give f(a).
7
Let q(j) be the third derivative of j**5/60 - 3*j**4/8 + j**3/6 + 821*j**2. Calculate q(9).
1
Suppose 87*i + 96 = -165. Let z(q) = 2 - 3*q**2 + 5*q - 2*q + q**2. Determine z(i).
-25
Let a(s) = -4 - 6 - s - s. Let z be (-2)/(-66)*6 - 1758/(-11). Let g = -167 + z. Determine a(g).
4
Suppose -26*p = 8*i - 29*p - 24, 0 = p. Let u(m) = -m**3 + 2*m**2 - 6*m + 7. Calculate u(i).
-20
Let a(q) = q**3 - 6*q**2 + 18*q - 14. Suppose 14*j = -66885 + 66955. Calculate a(j).
51
Let k(q) = -702 + 6*q**2 - 31*q + 705 - q**3 + 2*q**3. Give k(3).
-9
Suppose -29 = -5*p - 3*a, -5*a - 136 = 3*p - 131. Let k(b) = 14*b - 75. Determine k(p).
65
Suppose 3*u - 7 + 2 = n, -4*n - 4*u - 20 = 0. Let o(y) = 19*y - 26. Let i(v) = -13*v + 18. Let t(f) = n*o(f) - 7*i(f). Determine t(4).
-12
Let o be ((-350)/525)/(61/276 - 6/24). Let g(z) = -z**3 + 21*z**2 + 42*z + 38. Determine g(o).
-54
Let o be (-1 - 1) + (5 - 0). Let r(s) = 3 + 232*s + 6 - 231*s - 6. What is r(o)?
6
Let b(d) = -58247*d + 137 + 3*d**3 + 58158*d + 44*d**2 - 2*d**3. Let o be b(-46). Let c(k) = 7*k + 2. Give c(o).
-5
Let h(c) = -c**2 + 11*c + 6500 + 0*c**2 - 6476. Determine h(11).
24
Let o(n) = n**2 - 8*n + 2. Let a(m) = -8*m**2 + 11*m - 6. Let s be a(1). Let d be (-6 + (-21)/s)*21/3. What is o(d)?
-5
Suppose 17 = d - q, 88 = 4*d - 5*q + 15. Suppose f - d = -2*f. Let n(y) = -1 + y - f - 3 + 19. What is n(0)?
11
Let q(z) = -z + 0*z + 1 + 0*z. Let d(x) be the first derivative of -x**3/3 + x**2/2 - 21. Let n be d(-2). Determine q(n).
7
Let c(y) = -5*y**3 - 165*y**2 + 303*y - 125. Let u(r) = 3*r**3 + 83*r**2 - 151*r + 61. Let v(q) = 4*c(q) + 7*u(q). Give v(77).
4
Let d(y) = y**2 - 5*y - 2. Suppose 2*c - 4 - 4 = -2*f, -4*f + 8 = 2*c. Let x = 10 + c. Suppose -x*n + 6*n = -32. Determine d(n).
-6
Let t(z) be the third derivative of -z**4/6 - 17*z**3/6 - 14*z**2 - 2*z + 119. Calculate t(6).
-41
Let k(l) be the first derivative of l**3/3 + l**2/2 - 31*l - 7212. Calculate k(0).
-31
Let c(i) = -10*i**3 + 3*i**2 - 3*i - 3. Suppose 62*q + 2214 - 2152 = 0. Give c(q).
13
Let u(w) = 42*w**3 - w**2 - 7*w + 4. Let n(t) = -75*t + 70*t + 3 + 6*t**2 - 7*t**2 + 19*t**3 + 9*t**3. Let j(r) = 7*n(r) - 5*u(r). Determine j(-1).
13
Suppose x + 3 = 2*d, -x - 15 = 3*d + 4*x. Suppose 2*q + a + 9 = d, 17 = -3*a + 2. Let w = q + -3. Let v(t) = t**3 + 4*t**2 - 7*t - 3. Calculate v(w).
7
Let r = 587 + -596. Let s(c) = c**3 + 9*c**2 - 8*c - 20. Determine s(r).
52
Let m be (-1 - 26)*18/54. Let s(l) = 5*l + 15*l - l**3 + 7*l - 9*l**2 + 2 - 26*l. What is s(m)?
-7
Let w(v) = 5*v**3 - 4*v**2 - 30*v + 41. Let u(i) = 4*i**3 - 5*i**2 - 28*i + 37. Let b(z) = 4*u(z) - 3*w(z). What is b(10)?
5
Let s(h) = h**2 + 54*h + 113. Let y(n) = -3*n**2 - 172*n - 340. Let f(v) = -10*s(v) - 3*y(v). What is f(-6)?
-2
Suppose 4*n + 29 = 3*q, -137 = q - 5*n - 165. Let k(m) = -m**3 + 5*m**2 + 3*m + 4. Give k(q).
31
Let x be 31/(868/168) + -10. Let c(z) = -5*z**3 + 2*z. Let y(h) = 4*h**3 + h**2 - 2*h. Let i(k) = -3*c(k) - 4*y(k). Calculate i(x).
-8
Let u = -8 + 1. Let k(l) = -187*l + 14. Let v(w) = 140*w - 13. Let b(z) = -3*k(z) - 4*v(z). Calculate b(u).
3
Let f(j) = 3*j**2 - 5*j - 12. Let u be f(5). Let c(y) = -13 - u*y - 2*y**2 + 16 + 40*y. Give c(3).
-9
Suppose -28*p = -7*p - 4326. Let j = 206 - p. Let y(s) = s**2 + s - 2 + 3 - 7. Determine y(j).
-6
Let i(w) = -w**2 - 2*w + 37. Let p be i(5). Suppose -p = -n + 2*n. Let m(r) = 2*r + 2*r**2 - r**3 - 6 + 0*r**3 + 5 + 4. What is m(n)?
15
Let v(z) = -z**3 - 7*z**2 + 3*z. Let i(h) = -4*h**3 - 22*h**2 + 10*h. Let